8 - (42 - -12)) + -13 - (-25 + 18)
-42
What is -83 - (-3 - -9) - (27 - (-2 + (16 - 0)))?
-102
Calculate (233 - 168) + 29 + 0 + -13.
81
What is the value of -4 + (5 - -100) - (-15 - (11 + -27))?
100
Evaluate (-2 - 23) + (-1 - -7) + -10 + -7 + 15.
-21
What is 12 - (-15 + 2 + -5 + 26 - (39 - 2))?
41
Evaluate (0 - -58) + 31 + -107 + 99.
81
What is the value of -11 + (19 + -17 - (5 + 0)) + -34 + 43?
-5
What is the value of 158 - 141 - (27 + 2) - 40?
-52
What is the value of (-80 - -163) + 76 + -19?
140
What is 6 + 9 + -168 + 18 + 22 + -5?
-118
What is the value of -1 + 6 + -13 + -12 + 21 + (1 - 64)?
-62
Evaluate (1546 - 1649) + 113 + 1.
11
Calculate -15 - -4 - (67 + ((6 - 4) + -3 - 12)).
-65
What is the value of -73 + (-23 + 74 - 17)?
-39
Calculate -14 - 2 - (3 + -4) - (-22 + 41 - 21).
-13
9 + (15 - (53 - -11) - (-2 - -4))
-42
Evaluate -9 + (13 + -2 - -22) - 22.
2
What is (167 - (-16 + 36 + 5)) + (5 - 27)?
120
Evaluate 121 + (-77 - (84 + -74)).
34
What is -88 + 21 + 4 + (-27 - -14) + -14 + 4?
-86
(-13 - ((-7 - -10) + -21)) + -11
-6
What is the value of (10 - (-6 - -10) - 109) + 106 + -101?
-98
Calculate -5 - (76 - (-32 - (-45 - 2))).
-66
What is (-1 + 13 - 37) + 72 - 167?
-120
Evaluate 9 + 11 + 6 + -2 + 11.
35
Evaluate (-44 - -50 - -2) + -12 + (5 - 10).
-9
(-8824 - -8772) + (0 - -103)
51
(-10 + 8 - 11) + -10 - -39
16
Calculate -3 + 19 + 8 + -43.
-19
What is the value of -5 + -14 + 3 + 64 + -58?
-10
Calculate -12 + 9 + -26 - 9 - (-4 + 0 + -1).
-33
26 + (-5 - (90 + -70 - (8 - 0)))
9
Calculate 34 + -2 - (1840 - 1766).
-42
Evaluate 26 + (-152 + -11 - -74).
-63
What is -62 - ((-1 - -18) + 1245 + -1242)?
-82
What is (10 - 0) + (134 - 153) - (-81 + (37 - 10))?
45
Evaluate 71 + -1 + (50 - -56) + -115.
61
Evaluate 8 + (36 - (-2 - -1 - 7 - (-443 - -434))).
43
(43 - (2 - -2)) + -1626 + 1605
18
7 - ((-18 - (-9 - -11) - 27) + (-6 - 0))
60
Calculate 0 + 0 + 36 + -5859 + 5920.
97
What is the value of -2 - (15 - (-24 + (-18 - -17) + 13))?
-29
What is -834 + 864 + (0 - 77) + 4?
-43
What is (-66 - (-3 - -37)) + -7 + 18?
-89
What is -19 + (3 - (19 + -17 + 8 + -18)) - -9?
1
What is the value of -116 - 2 - (530 + -578)?
-70
Evaluate -2 - 4 - 3 - (347 + -329).
-27
What is the value of -25 - (-7 + (-94 - -28))?
48
What is 112 + -30 - 76 - 67?
-61
What is the value of -22 + (-21 - -43) + -11 - 32?
-43
What is -39 - ((28 - 47) + -1 + 1)?
-20
Calculate -15 + (2 + 5 - ((-364 - -363) + -1 + 1)).
-7
Calculate -157 + 151 + (7 - -2) - (-40 - 0).
43
-7 + 16 + -9 - (-20 - (-9 + -3))
8
Evaluate (-4 - 2 - 123) + (-46 - (52 - 115)).
-112
3 - ((-16 - -12) + -11) - 8
10
-148 + (-60 - -91) - (3 - 3 - (2 - -2))
-113
What is 71 - (56 - -4) - 47?
-36
Evaluate (0 - 70) + 298 + (-142 - 138).
-52
What is 13 + 5 + (532 - 602)?
-52
Evaluate (110 + -19 - (0 + 13) - 13) + 11 + 7.
83
What is -19 - (-14 + (122 + -30 - 18))?
-79
Calculate (0 + 0 - (-2 + -4)) + -5 + 5 + -59.
-53
What is the value of 38 + (-78 - (-15 + -19)) - (54 + (0 - -1))?
-61
What is the value of (-24 - -27) + (9 - (-3 - (-5 + (2 - 4))))?
8
Calculate (-7 + 2 - (-13 + 16 + -5)) + -15 - 2.
-20
What is 15 + (0 - -1) + 7 + -29 + -16 + -13?
-35
60 + -10 + (-95 - -32)
-13
Evaluate 3 + 6 + 2 - (-32 + 30) - -46.
59
5 + (-27 - -12 - -2) + -23 + -5
-36
What is the value of 10 - (19 + -21 + 6) - (1 + 50)?
-45
Calculate -2 + (0 + -1 - -17 - (38 - 14)).
-10
What is (395 - 350) + -94 + -2?
-51
What is 66 + 24 + (-32 - -21) + -42?
37
What is -12 + 0 - (-46 + -62 + 34)?
62
Calculate (-14 + -1 - -17) + 3 + 41.
46
-14 + (-12 - 30 - -5) + (-15 - -11)
-55
Evaluate 17 - ((-1 - 20) + 468 + -451 - -69).
-48
-25 - (16 + (-18 - -9 - -7))
-39
What is the value of 38 + (-20 - 10) - (2 + -1 + (4 - 50))?
53
17 - (-148 - -17 - (-62 + 40))
126
What is 11 - -41 - (122 - 70)?
0
What is -19 + 70 - 6 - (-18 - -2)?
61
What is (18 - (12 + -7)) + -12 + -1 - 2?
-2
Evaluate 4 + 1 + -149 + 148 + -21 + 11.
-6
Evaluate (-11 - -6) + 13 + (93 - 77).
24
What is -24 + 0 + 0 + (3 + 0 - (120 - 123))?
-18
Evaluate (-4 - 6) + (-25 - -32) + (-17 + 8 - -116).
104
(774 - 751) + (-27 - -2)
-2
Calculate (-37 + 48 + -27 - -7) + (9 - 6).
-6
What is 38 + (67 - 59) + (6 + -10 - 3 - -3)?
42
Calculate -10 + (83 - 206) + 205.
72
17 - (73 + 25 + -64)
-17
Evaluate -138 + (-1 - (-2 - -3)) - (95 - 99) - 4.
-140
Evaluate 29 + -18 + -96 + 91.
6
What is the value of 65 + -638 + 623 + -2 + 0 + 16?
64
Evaluate -2 + -18 - (-3 - (-27 + 27) - -6).
-23
What is -26 + -19 + 15 + 24 + -27 + (2 - 3)?
-34
Calculate (1 - ((1 - -14) + -160 + 145)) + -86 + -5.
-90
142 - 129 - (153 - 104)
-36
Calculate 14 - 9 - (-219 - -143).
81
What is the value of (118 - (-21 + -21)) + -144?
16
What is the value of 28 - (-24 + (9 - -3) + 51)?
-11
-1 + (12 - (-33 - (-23 + 2 + 13)))
36
Calculate (0 - (-14 + 21 - 14)) + (-1 + 3 - 30).
-21
-39 + (1 - -2) - (-32 - (-3 + -41))
-48
Calculate -1 + -28 + 0 + 813 + -831.
-47
Calculate -7 - (-21 - ((18 - 9) + -28) - (55 + 0)).
50
What is the value of 39 + (-13 - -7) + 3 - 11?
25
What is -99 + -33 + (114 - -39)?
21
Evaluate 10 + -7 + 0 + 12 + -19 + -7 - 76.
-87
What is the value of (13 - -5 - (25 + -4)) + 48?
45
Calculate 0 + 4 - (9 + 7 + 61).
-73
What is the value of -12 - ((-1 - (12 + -1 + -9)) + -53)?
44
Evaluate 169 + (-123 + 98 - (0 + 0 - 2)).
146
Calculate 14 + (42 + -54 - 7).
-5
Evaluate -21 + 24 - 22 - (1 + (51 - -1)).
-72
(7 - (6 - (-6 + 13))) + -9 - -12
11
Evaluate 53 + -91 + (-35 - -81) - (-1 + 67).
-58
Evaluate -48 - -2 - (-253 - -217) - 23.
-33
-30 + 13 + (-8 - -69)
44
2 + (-43 - -32) + -8 + 0
-17
What is -10 + -1 + 0 + (-11 - -99) + -20 + 9?
66
-51 + 228 + -111 + -179
-113
What is -28 + -6 + (-2 - -14) - (-2 + 2)?
-22
Calculate (-71 - (-19 - 50)) + (-2 - 74).
-78
Evaluate 1 + -127 - (-18 + 0) - (-36 + 58).
-130
What is the value of 49 - (57 - 6) - 13?
-15
What is the value of 2 + (6 - -2 - ((-10 - -1) + 40 - 22))?
1
Evaluate 61 + 4 - (-708 - -775).
-2
What is 0 + -1 + (9 - (-6 - -17)) + 18 + -20?
-5
Calculate 68 + -129 + 20 + (1 - -150).
110
6 - (107 + -127 + 26)
0
Calculate (18 - (8 + 45)) + (-9 + 1 + 0 - 1).
-44
97 + -97 + (-2 - -4) + (-4 - 9)
-11
What is -41 - ((-45 - -74) + -11)?
-59
What is -4 + -20 + (72 - 26) + 24?
46
Evaluate (1 - -3 - 7) + (-26 + 36 + -103 - -11).
-85
Calculate (16 - (-3 - 0)) + 2 + 1 - (351 - 341).
12
(24 - 0 - (-1202 - -1158)) + -29
39
Evaluate -36 - (-29 - -14) - (1 + -2 - 12).
-8
What is -27 - 0 - (173 + (-283 - -124))?
-41
Evaluate (40 - 28 - 3 - ((0 - 43) + -3)) + 0.
55
Calculate (18 - 4) + 2 - (105 - 92) - (1 + -6).
8
Calculate -5 + -9 + 20 - (-15 - (8 + -27)).
2
What is -1 + 8 - (26 + -80 - -173 - 25)?
-87
What is the value of (-926 - -921) + (-1 - -1 - (-38 + 3))?
30
What is the value of 12 + (314 + -243 - (34 - 3))?
52
What is 41 + (55 - 67 - 16)?
13
What is the value of 196 + -204 + (-2 + (41 - (0 - -5)) - -5)?
31
What is (-48 + 59 - 35) + 26?
2
Evaluate (-26 - (13 + -38 - 37)) + 19.
55
Calculate 2 + 50 + -18 + 3.
37
What is the value of 0 + 98 - (-14548 + 14699)?
-53
Calculate 5 + (-1 - (22 - (-21 - -40))).
1
(-3 - -26) + (23 - (4 - 0))
42
(2418 - 2392) + 6 + -49
-17
Evaluate -1 + 16 - (-71 - -10 - -65).
11
Calculate (-5 + -1 + 6 - (-50 - (-18 - -54))) + -16.
70
-5 + 18 + -15 + -116 + 26
-92
(-21 - 3 - 3) + -3 + (-766 - -770)
-26
What is the value of 71 + (-2 - 35) + -36 - 7?
-9
What is (-1569 - -1534 - (-8 - 0)) + 122?
95
Calculate -18 + 85 + -72 + 0 + -13 - 17.
-35
What is the value of 37 - (37 - -18 - 63)?
45
What is the value of (9 - 1) + 97 + -107 + 2 + 8 + 9?
17
What is the value of 2 + (5 - (150 + (144 - 172 - (0 + -13))))?
-128
Evaluate 3 + -3 - 17 - ((-111 - -87) + 75).
-68
Evaluate 39 - ((-52 - -57) + 16).
18
Evaluate -33 - (47 + -37) - -4.
-39
5 - (48 + (1 + -3 - (116 + -127) - 17))
-35
(-28 - 14 - -18) + 60
36
Calculate 3 + 13 - (-11 - ((-16 - 54) + 17)).
-26
What is the value of -103 + 19 + (-10 + 7 + -8 - -6)?
-89
What is the value of -1 - (-2 - -106) - ((-15 - (-25 - -24)) + 10)?
-101
What is (-72 - -77) + (2 - -3) + -6 - (23 - 1)?
-18
Calculate 1039 + -971 - (-1 + -10) - 21.
58
Evaluate -7 - 4 - (9 + (-31 - 35)).
46
Evaluate 1084 + -1075 + -3 + -26.
-20
Evaluate 24 - -22 - (137 + -88).
-3
Evaluate -25 + 10 + -22 + 25 + 1 + -31 + 5.
-37
What is the value of 0 + -1 + (2 - (-1 + -1) - 0) - -48?
51
Calculate 8 + (13 + -29